2*c(x) + 9*w(x). Let m(t) = -t. Let g(l) = m(l) - 4*n(l). What is the remainder when 35 is divided by g(3)?
8
Let u = 65 - 27. Let l(f) = 2 + 15*f**3 - f - 8*f**2 + 0 + 19*f**2 - 13*f**2. Calculate the remainder when u is divided by l(1).
10
Suppose -4*g + 446 = 154. Suppose -g = -2*w + 9. Suppose z = -z + 22. Calculate the remainder when w is divided by z.
8
Suppose 4*g - 6*g - t + 37 = 0, 5*g = t + 96. Let q = -45 - -86. Let p = 78 - q. Calculate the remainder when p is divided by g.
18
Suppose -3 = -3*n + 6. Suppose -2*z - 4*k + 340 = -0*k, -3*z = -n*k - 492. What is the remainder when z is divided by 42?
40
Let y(w) = -4*w - 101. Calculate the remainder when 149 is divided by y(-29).
14
Let b be (-1132)/(-4) + (-5 - -8). Suppose 2*s + c = 5*c + 118, -b = -5*s + c. Calculate the remainder when s is divided by 16 + -1 - 15/5.
9
Suppose 3*q + 84 - 18 = 0. Calculate the remainder when 35 is divided by (-4 - q) + (-3 - -4 - 1).
17
Let a = -10 + -33. Let g = 54 + a. Calculate the remainder when g is divided by 6.
5
Let u(v) = v**3 - 24*v**2 - 20*v - 36. Calculate the remainder when u(25) is divided by 24.
17
Let i = -54 + 68. Let t(j) = -j**3 + 6*j**2 - 3*j - 2. What is the remainder when i is divided by t(5)?
6
What is the remainder when 125 is divided by 3/(-3) + (5 - (14 - 14))?
1
Calculate the remainder when 145489/1095 + (-4)/(-30) is divided by 9.
7
Let u = 13 - 19. Let x be ((-4)/u)/(-2)*-15. Suppose -6 = x*q - 91. What is the remainder when 49 is divided by q?
15
Calculate the remainder when 285 is divided by (150/(-60))/(2 - (-58)/(-24)).
3
Suppose 2*h - 41 + 25 = 0. What is the remainder when 84 is divided by h?
4
Let p be ((-88)/12 - -8)/((-4)/(-6)). Let h(l) = -l**3 + 2*l**2 - 2*l + 2. Let j be h(2). Calculate the remainder when -2 - (j + -24 - p) is divided by 13.
12
Suppose -2*f + 14 = 8. Suppose -4*u - 3 = -5*q - 18, -u = 4*q - 9. Let j(p) = 16*p - 2. Calculate the remainder when j(q) is divided by f.
2
Let x(k) = -2*k + 79. Calculate the remainder when x(0) is divided by 20.
19
Let p(m) = m**3 - 9*m**2 + 12*m - 1. Calculate the remainder when p(8) is divided by -3 + 3/((-3)/(-14)).
9
Let s(o) = -o**3 + 20*o**2 - 18*o - 3. Let h be s(18). Suppose -14*z + 881 = h. Calculate the remainder when z is divided by 7.
5
Let j = 1498 - 706. Suppose 5*y - j = -y. What is the remainder when y is divided by 27?
24
Suppose -2*y = -12 + 4. Let c = 55 + -53. Suppose -4*d = 3*l - 25 - 5, -c*d = 5*l - 8. What is the remainder when d is divided by y?
1
Let p(a) = -40*a + 218. What is the remainder when 340 is divided by p(4)?
50
Let j(r) = 3*r + 54. Let g be j(-18). Suppose -12*n + 77 + 31 = g. What is the remainder when 34 is divided by n?
7
What is the remainder when (-22)/((45/6)/(-15)) is divided by 12?
8
What is the remainder when 23 is divided by -2 + 11 + (-2 - 0) + 0?
2
Let n(r) = 2*r**2 - 4. Let c be n(2). Suppose -s + z + 27 = 0, 2*s - 5*z = c*s - 82. Calculate the remainder when s is divided by 6.
1
Let d be (-4 - (-6 - -2))/1. Suppose d*t = -2*t - 16. Calculate the remainder when (-2285)/(-35) - t/(-28) is divided by 17.
14
Suppose -719 = -156*z + 1039 + 894. Let m = 1 - 1. Suppose m = -4*o + 5 + 15. Calculate the remainder when z is divided by o.
2
Suppose -132 = -4*i - 8. Let l = i + -25. Calculate the remainder when 10 is divided by l.
4
Suppose 371 + 285 = 4*r. Suppose 0*v + v - r = -d, -3*v = 5*d - 496. What is the remainder when v is divided by 11?
8
Suppose -20*s + 1188 = -8*s. Calculate the remainder when s is divided by 34.
31
Let r(v) = 3*v + 51. Calculate the remainder when 56 is divided by r(-14).
2
Let x = -148 + -275. Calculate the remainder when (-6)/(-8) + x/(-12) is divided by 3.
0
Let y(m) = 3*m**3 - 4*m**2 - 4. Calculate the remainder when 46 is divided by y(3).
5
Let o = 34 - 30. Suppose g + 3*g = 2*n + 164, 2*g + o*n - 102 = 0. Calculate the remainder when g is divided by 130/6 + 1/3.
21
Let y(j) = -21*j + 11. Calculate the remainder when y(-3) is divided by 38.
36
Let d(a) = 3*a - 9. Let h = 0 + 4. Suppose -h*r - s = 4*s - 92, 0 = -r + 2*s + 23. What is the remainder when r is divided by d(7)?
11
Let x(l) = 4*l**2 + 4*l - 13. What is the remainder when 101 is divided by x(3)?
31
Calculate the remainder when 1079 is divided by 42/(-28) + (-6)/4 + 48.
44
Let w(y) = -28*y**2 + y. Let v be w(-1). Let m = 29 + v. Suppose 3*z + 0*z - 33 = m. What is the remainder when z is divided by 4?
3
Let r = 81 - 73. What is the remainder when ((-4)/r)/((-1)/188) is divided by 16?
14
Suppose 0 = -3*b + 3*u + 69, u = -u - 6. Suppose -3*a + 31 = -4*a - 4*c, 5*a + 4*c = -107. Let y = a - -26. Calculate the remainder when b is divided by y.
6
Let j(p) = p**2 + 9*p - 10. Let h be j(-10). Suppose v + 2*v + 4*b - 172 = h, -72 = -v - 5*b. Let k = 89 - v. Calculate the remainder when k is divided by 20.
17
Let u(o) = -o**3 - 10*o**2 + 9*o - 9. Let l be u(-11). Suppose 2*r + l - 183 = 0. Calculate the remainder when r is divided by 29.
27
Suppose -3*u = 4*y + 40, -2*y - 20 = -10*u + 5*u. Calculate the remainder when 101 is divided by y/(-2) + (11 - 3).
10
Suppose -4*o = -x + 149 + 68, 928 = 4*x - 4*o. Calculate the remainder when 484 is divided by x.
10
Let q = -4 + 8. Suppose q*v - 3*v - 4 = 0. Suppose -2*j = -5*j + v*u + 77, 0 = 3*j + 4*u - 85. Calculate the remainder when j is divided by 14.
13
Let z be (7 - 6)/((-3)/15). Calculate the remainder when ((-58)/10)/(1 + 0)*z is divided by 6.
5
Suppose 0 = -4*j + 226 - 94. What is the remainder when j is divided by 27?
6
Let v(u) = u**2 + 5*u + 7. Suppose 45*t - 31*t - 1428 = 0. Calculate the remainder when t is divided by v(-6).
11
Let t = 1 + 0. Suppose 4*v - 4 = -5*w, -2*v = -v + 4*w - t. Suppose 2*p + 6 = 0, 5*p = 3*i - 32 - v. What is the remainder when 23 is divided by i?
5
Let h(p) = -p**3 + 3*p**2 + 10*p + 2. Let f be 903/(-6)*(1 - -1). Let y = f + 430. What is the remainder when y is divided by h(4)?
25
Let y = -224 - -243. Calculate the remainder when 168 is divided by y.
16
Let a = -532 + 548. Calculate the remainder when 526 is divided by a.
14
Let h(q) = q**3 - 3. Let o be h(4). Let r = -29 + o. What is the remainder when (r/3)/(3/9) is divided by 9?
5
Let y(h) = h**2 - 9*h + 1. Let c be y(4). Let z = c + 10. Let o = z - -29. Calculate the remainder when o is divided by 7.
6
Let c(s) = 2*s**2 + 94*s - 92. What is the remainder when c(-48) is divided by (1/(-3))/(6/(-54))?
1
Let n be 8/(-36) + 372/(-27). Let f be n/((-1)/(-1) + -3). Let v(q) = q**2 - 4*q - 3. Calculate the remainder when 34 is divided by v(f).
16
Calculate the remainder when 138 is divided by (-9)/12 - ((-134)/8 - 12).
26
Suppose -3*l = 9*t - 5*t - 117, 78 = 2*l - 4*t. Let n(i) = -i**3 + i**2 + i + 14. Calculate the remainder when l is divided by n(0).
11
Let m(v) = -v**3 + 5*v**2 + 6*v - 2. Let z be m(6). Calculate the remainder when 17 is divided by z/(-14) + (-123)/(-21).
5
Let p(d) = 2*d**2 + 27*d + 31. Let i(h) = 2*h**2 + 6*h - 9. Calculate the remainder when i(-6) is divided by p(-13).
9
Let c = 33 - -56. Suppose -4*v + 93 = -b, 4*b - c = -4*v + b. Let r = 620 - 615. Calculate the remainder when v is divided by r.
3
Let y(o) be the second derivative of o**4/12 - o**3 + 9*o**2/2 + 2*o. Let g = -3 - -8. Calculate the remainder when y(g) is divided by 3.
1
Suppose -6 + 0 = 2*b - 2*l, l - 1 = 0. Let m be b/6 + (-5)/(-15). Suppose 2*z - 2 - 16 = m. What is the remainder when 34 is divided by z?
7
Let z = -327 + 336. What is the remainder when 173 is divided by z?
2
Let t(n) = n**2 - 8*n - 15. Let w be t(10). Suppose 4 = b - w*p + p, 4*b + 2*p - 16 = 0. What is the remainder when 8 is divided by b?
0
Let m = -32 - -56. Calculate the remainder when 63 is divided by m.
15
Suppose 883*n - 894*n + 165 = 0. Calculate the remainder when 12/(-2 - (-36)/17) is divided by n.
12
Suppose 0 = -0*y + 3*y - 222. Let t(x) = -x**2 - 9*x - 1. Let j(d) = -d**3 - 4*d**2 + d - 1. Let f be j(-4). Calculate the remainder when y is divided by t(f).
17
Suppose 2*j + g + 27 = 0, 2 - 1 = -g. Let p = 7 + j. Let n(r) = -5*r + 3. Calculate the remainder when n(p) is divided by 17.
16
Let s = 78 - 57. Let r be (-2)/(-4)*(-20)/(-2). Suppose 0 = -r*v - 5, -u = -2*v - 27 - 14. Calculate the remainder when u is divided by s.
18
Let q(a) = -20 -